l - 36 = 0. Let u(f) = -f**2 - 7*f - 2. Let c be u(m). What are the prime factors of -3 - -9 - c/2?
2
Suppose 98 - 390 = -4*x. What are the prime factors of x?
73
Let l(k) be the second derivative of -7*k**3/6 - 9*k**2/2 + 2*k. What are the prime factors of l(-5)?
2, 13
Suppose -5*v = -4*s - s - 80, -64 = 4*s + v. What are the prime factors of -4 + 4 - (s - -2)?
2, 7
Let k = 70 + -26. List the prime factors of k.
2, 11
Suppose 4*a - 14 = 26. Suppose -18 = -2*o + a. What are the prime factors of o?
2, 7
Let h = -5 + -1. Suppose -4*k + k = 4*j - 3, 3*k - 3 = -2*j. What are the prime factors of k - h/1 - 2?
5
Let b(y) = 5*y**2 - y - 2. What are the prime factors of b(-2)?
2, 5
Let x be (-4)/(-4 + 3 + -1). Suppose -3*y + x*w - 13 = 0, 0 = 6*w - 4*w + 2. Let z = 14 + y. What are the prime factors of z?
3
Let c(p) be the third derivative of p**5/20 + p**4/24 - 2*p**3/3 + p**2. List the prime factors of c(-3).
2, 5
Let g = 9 + 31. What are the prime factors of g?
2, 5
Suppose -3*o + o = 0. Suppose -3*l - 7 = -r, o = -l - 2 + 1. List the prime factors of ((-3)/2)/(r/(-16)).
2, 3
Let u = -2 - 0. What are the prime factors of -12*(u - (-12)/8)?
2, 3
Let c = -13 - -23. What are the prime factors of c?
2, 5
Suppose 164 = 2*t + 2*t. What are the prime factors of t?
41
Let s(c) = c - 5. Let d be s(8). Suppose n - 30 = -n - d*a, 2*n = a + 14. Suppose -3*u = n - 27. List the prime factors of u.
2, 3
Suppose 0 = -5*d + 35 + 120. Suppose -k - 5 + d = 0. List the prime factors of k.
2, 13
Let x(m) = -m - 4. Let d be x(-6). Suppose 2*c = 4*r + 26, d*r - 10 = -c - 1. List the prime factors of c.
11
Let l = -21 - -21. Suppose l = 2*y - 71 + 21. What are the prime factors of y?
5
Suppose l - 5*y + 17 = -2*y, 2*y = 2*l + 18. Let m(q) = 2 - 1 + 0*q - 2*q. What are the prime factors of m(l)?
11
Suppose 4*r = 19 - 79. What are the prime factors of (-3)/(-1 + (-6)/r)?
5
Suppose -2*y - 12 = -5*y. List the prime factors of y.
2
Let x = -504 - -775. List the prime factors of x.
271
Suppose 2*w - 1 = -j, 2*w - w + 5*j + 22 = 0. Suppose -7*n - 96 = -w*n. Let k = n + 36. What are the prime factors of k?
2, 3
Let d(h) = -h**3 + 5*h**2 + h + 2. Let f be 21/(-35) + 56/10. List the prime factors of d(f).
7
What are the prime factors of -6*3/12*-2 + 227?
2, 5, 23
Let p(n) = 3*n - 2. Let i(z) = z**3 - 14*z**2 + 8. Let o be i(14). What are the prime factors of p(o)?
2, 11
What are the prime factors of (1/2)/(6 - 284/48)?
2, 3
Let q(i) = -i**2 - 9*i + 21. What are the prime factors of q(-9)?
3, 7
Let n = 2 + 5. Suppose g - n - 40 = 0. List the prime factors of g.
47
Let f = -4 - -4. Let h be f*(0 + 2)/(-2). Suppose -2*j - 4*i + 10 = 0, h = -0*j - 5*j + i + 14. What are the prime factors of j?
3
Suppose f = 5*f. Suppose t - 3*q - 36 = f, -3*t - 4 = -2*t + 5*q. List the prime factors of t.
3, 7
Suppose 5*x - 4*h - 297 = 0, -6*h = -3*h - 6. What are the prime factors of x?
61
Let j = -1 - -5. Suppose j*u - 4 = 20. Suppose i = -i + u. List the prime factors of i.
3
Let b(r) = -4*r + 24. What are the prime factors of b(-9)?
2, 3, 5
Suppose 7*m - 157 = 172. List the prime factors of m.
47
Suppose -4*v - 3*z = -18, -5*v + 4*z + 3 = -4. List the prime factors of (-15)/v + 3 + 8.
2, 3
Let j(a) = -3*a**3 - 11*a**2 - 10*a + 17. List the prime factors of j(-6).
7, 47
Suppose -v - 97 = -4*i, 5*v - v = -5*i + 116. List the prime factors of i.
2, 3
Suppose 0 = -3*b + 6, -b + 2 = -2*q - 0*b. Suppose 12 = -q*w + 4*w. What are the prime factors of w?
3
Let p = -132 + 346. What are the prime factors of p?
2, 107
Suppose -3*v + 25 = 2*v. Suppose -52 = -v*n - 7. List the prime factors of n.
3
Let z(p) = -p**3 - 7*p**2 - 5*p + 6. Let s be z(-6). Let i = 3 - s. Suppose 3*u - 24 = -t - 4*t, -2*u + 16 = i*t. What are the prime factors of u?
2
Let a(n) = -n**3 - 8*n**2 + 4*n - 1. Let o be a(-9). Suppose 5*m - 26 - o = 0. List the prime factors of m.
2, 7
Let h = 15 - 11. List the prime factors of h.
2
Suppose -3*f - 8 = -2. Let u be -10 - (f + 2) - 0. Let d = -4 - u. What are the prime factors of d?
2, 3
Suppose -3*i - 22 = -82. List the prime factors of i.
2, 5
Let x be -5*(14/10 + -1). List the prime factors of 6 + 2*(-1)/x.
7
Let p(t) = 2*t**2 + 9*t + 6. Let o be p(-6). Suppose s = -2*s - o. What are the prime factors of (s - -1)*(-2 - -1)?
7
Let b(i) = -i + 15. Suppose 3*a - 34 = -5*v, -3*a = v - 6*a - 14. List the prime factors of b(v).
7
Let z = 21 + -13. List the prime factors of z.
2
Let u(l) = -51*l - 3. Let o be u(-3). Suppose 3*g - o = -2*g. Suppose g = 3*b + 6. List the prime factors of b.
2
Suppose -w + 9 = 5*r - 13, 3*w - 16 = -5*r. Let u = 6 + w. What are the prime factors of u?
3
Suppose 0 = 3*h - 0*h + 9. Let k be (12/8)/(h/(-4)). Suppose -21 = -k*l + 9. List the prime factors of l.
3, 5
Let h = -9 - -18. Let n = -4 + h. Suppose -4*q = 4*t - t - 31, 4*t - n*q = 0. What are the prime factors of t?
5
Suppose 4*x = 9 + 7. Let u = x + 1. What are the prime factors of u?
5
Let p(j) = -3*j + 8. Let w be p(6). Let s be 2/w - (-858)/15. Suppose -2*h = 6, h = 5*f - s + 9. List the prime factors of f.
3
Suppose 3*c + c - 4 = 0. Suppose -4*l - 37 = -3*h, 2*h = -l - 13 + c. List the prime factors of (-6)/(-45)*-3*l.
2
Let x = -10 + 15. Suppose -38 - 17 = x*q. Let z = -1 - q. What are the prime factors of z?
2, 5
Suppose -2*x + 3*d + 12 = -4*x, 4*x = d + 4. Suppose 0 = 2*n - 10, a + n + 27 + 43 = x. List the prime factors of a/(-18) - 2/12.
2
Let t = -2 + 4. Suppose -c = t*c - 78. List the prime factors of c.
2, 13
Let m(v) = v - 6. Suppose 5*u = 30 + 25. What are the prime factors of m(u)?
5
List the prime factors of (-2)/(-4)*-11*-2.
11
Let t = 2 + 2. Suppose -3*q + 9 = -0. Suppose -t = q*i - 13. What are the prime factors of i?
3
List the prime factors of (84/6)/(-7)*394/(-4).
197
Let s(p) = -8*p + 23. What are the prime factors of s(-9)?
5, 19
Let i = 13 - 5. Suppose 2*d - 2*l + 5*l = i, d = 3*l + 4. What are the prime factors of d?
2
Let v be (-2)/((-3)/(-39)*-2). Suppose 0 = 4*p - 3*p + 2*w - v, -2*p = -4*w - 58. List the prime factors of p.
3, 7
Let p = -226 - -609. What are the prime factors of p?
383
Let b be (5/(-10))/(1/16). Let l be 3 + (-18 - 3) - -1. Let z = b - l. What are the prime factors of z?
3
Let s(n) = n**3 + 10*n**2 - n. Let v(i) = i**3 + 9*i**2 + 2*i + 8. Let b be v(-9). What are the prime factors of s(b)?
2, 5
Let h(z) = -z. Let w be h(-2). Let t be 1 - 0 - (4 + -3). Suppose -w*s = -t*s - 20. List the prime factors of s.
2, 5
Suppose 3*p = 2*h + 569, 4*p + 5*h = 568 + 229. What are the prime factors of p?
193
Suppose -5 = 3*l + 4*y - 3*y, 5*y + 25 = -l. Let t(m) = 2*m + 24. List the prime factors of t(l).
2, 3
Suppose 73 = -5*o + b, 0*o - 2*b = 2*o + 22. Let u be (o/35)/((-2)/40). List the prime factors of 38/u*36/9.
19
Suppose -y + 18 + 16 = 0. List the prime factors of y.
2, 17
Let o(p) = -2*p + 39. List the prime factors of o(-10).
59
Let r be ((-4)/(-3))/((-2)/(-3)). Suppose r*x = -2*x. Let l(t) = -t + 6. What are the prime factors of l(x)?
2, 3
Suppose 4*b - 45 = -b. Suppose 0 = -3*c + 51 + b. List the prime factors of c.
2, 5
Suppose -3*z + 13 = 1. Let f be ((-52)/(-8))/(2/z). Suppose -2*b + 0*b - c = -f, -3*c + 33 = 5*b. What are the prime factors of b?
2, 3
Suppose 5*j = 3*j - 28. Let i = -29 - -21. Let b = i - j. List the prime factors of b.
2, 3
Suppose c = 5*q - 0*c + 25, -2*c + 30 = -5*q. Let z(o) = -5*o. What are the prime factors of z(q)?
2, 5
Suppose -4*x - 118 = -914. List the prime factors of x.
199
Let j(r) = -r - 6. Let u be j(-4). Let l be u - ((-2)/(-2) - 1). Let m = l - -5. List the prime factors of m.
3
Suppose 2*g - 6 = g. What are the prime factors of g?
2, 3
Let n(k) = k**2 - 4*k + 5. Suppose -2*h + 6*h = -64. Let p be (3/(-6))/(2/h). List the prime factors of n(p).
5
Let j be ((-1)/2)/((-5)/530). Suppose -4*t - 2*y = y - j, 5*y = -4*t + 51. List the prime factors of t.
2, 7
Suppose -4*p + 7*p - 301 = -5*y, 0 = 2*p - 4. List the prime factors of y.
59
Suppose 3 - 38 = -5*j. What are the prime factors of j?
7
Suppose 64 = 5*t - 286. What are the prime factors of t?
2, 5, 7
Suppose 4 + 4 = 4*v. Suppose -v*b = 3*b + 90. Let d = 25 + b. What are the prime factors of d?
7
Let c(o) = -o**2 + 10*o - 7. Let a be 2 + -3 + 8 + 0. List the prime factors of c(a).